m*z + 16*z = 120. Calculate the highest common divisor of z and 3.
3
Let o be ((-8)/6)/(44/(-198)). Let d(i) = -i**3 + 6*i**2 - 5*i + 2. Suppose 5 = -y + 2*y. Let k be d(y). Calculate the greatest common divisor of k and o.
2
Suppose i = -i + 4. Let p = 52 + -34. Calculate the greatest common factor of p and i.
2
Suppose -13*q = q + 42. Let f(m) = -11*m - 1. Let k be f(q). Calculate the greatest common divisor of k and 256.
32
Suppose -3*k = -5*k + 24. Let u be (-7 - -9) + 6 + -1 + 5. What is the highest common divisor of k and u?
12
Let k(o) = 6*o**2 + 3*o + 2. Let m be k(-1). Suppose m*j - 38 - 97 = 0. What is the highest common factor of j and 27?
27
Suppose 55 = 2*z - 41. What is the greatest common divisor of z and 64?
16
Let g(v) = 3*v - 9. Let z be g(4). Suppose -z*l + 9 = 0, 0*l + 11 = m - 2*l. Calculate the highest common factor of m and 102.
17
Let z = 1380 - 1374. What is the greatest common divisor of 3 and z?
3
Let k(n) = n + 16. Let a be k(-7). Let y = a + -7. Let l(t) = t**3 - 3*t**2 + 2*t + 2. Let c be l(y). What is the highest common divisor of c and 14?
2
Let t be ((-240)/36)/(4/(-126)). Calculate the greatest common factor of t and 90.
30
Let g be (8/5)/((-16)/(-3840)). What is the greatest common divisor of 6 and g?
6
Let n be 2/(-7) - (-9 - (-810)/105). What is the highest common divisor of 43 and n?
1
Suppose 630 = 3*x - 0*a - 3*a, -a - 834 = -4*x. Calculate the greatest common factor of 26 and x.
26
Let s be (1 + -10)*(-64)/6. Suppose 0 = 4*t - 20*o + 17*o - 69, 0 = 3*o - 27. Calculate the greatest common divisor of s and t.
24
Let t be (-12)/18 - (-2)/((-12)/(-46)). Suppose -x + 22 = t. What is the highest common factor of x and 3?
3
Let s = 4710 - 2702. Let h be 3/27 - s/(-72). What is the highest common factor of h and 84?
28
Let a be (-3)/((-19)/30 - (-26)/78). Suppose -2*k = -k - 25. Calculate the greatest common factor of k and a.
5
Let p(c) = -7*c + 6. Let u be p(-7). Suppose 277 = -10*j + 607. What is the greatest common divisor of u and j?
11
Suppose 3*s = -2*r + 444, -5*s - 20*r + 753 = -21*r. Calculate the greatest common divisor of s and 190.
10
Let k be 22/8 + 18/(-24). Suppose 88 = k*g + 32. Calculate the greatest common divisor of 308 and g.
28
Suppose -64 = -5*u - 3*l, 28 - 2 = 2*u + l. Suppose -6*o + u = -22. What is the greatest common factor of o and 15?
3
Let i(a) = -a**3 + 25*a + 11. Let b be i(-5). Calculate the highest common divisor of 22 and b.
11
Let d be -3*(-2 + (-2 - -3)). Suppose 0 = -5*q - a + 51 - d, -60 = -5*q + 5*a. What is the greatest common divisor of 10 and q?
10
Let k = 1866 - 1510. What is the highest common divisor of 623 and k?
89
Suppose -20 = 72*g - 77*g. Suppose -z + 50 = g*z. Calculate the highest common factor of 80 and z.
10
Let f be 39/2 - 1/2. Let a = f + -13. Suppose -m - 340 = -a*m. Calculate the highest common factor of 17 and m.
17
Suppose 0 = 5*w - 16*w + 209. Suppose 22*m - w*m = 12. What is the greatest common factor of m and 80?
4
Suppose -447*l = -449*l + 40. Calculate the greatest common divisor of 15 and l.
5
Suppose -774 - 1776 = -15*h. Calculate the highest common factor of 10 and h.
10
Suppose -2*r + 2*d = -2, 4*r - d + 5 = -0*d. Let z be (23/r)/(2/(-4)). Let i = 53 - z. What is the highest common divisor of i and 240?
30
Let o(x) = 15*x**2 + 3*x + 2. Let p be o(-2). Suppose 5*d - 94 = p. Calculate the greatest common factor of 210 and d.
30
Let o be (-2)/(-4) - 1/(-2). Suppose 0 = -u + 8 - o. Calculate the greatest common divisor of 7 and u.
7
Let k = 25 + -15. Suppose -4*m + 3*m = 0. Suppose m = -5*n + 89 + 11. Calculate the highest common factor of n and k.
10
Suppose 3*q = 6 - 0. Suppose -6*k + 2*k = 4*r - 8, r - q*k = 5. Suppose 2*i - 55 = -r. Calculate the greatest common factor of i and 39.
13
Let k be 255/(-35) + 4/14. Let g = 9 + k. Suppose -g*h - 6 = -4*h. Calculate the greatest common divisor of h and 24.
3
Suppose -18*i = -20*i + 286. What is the highest common factor of 39 and i?
13
Let q(h) = -h**2 - 4*h - 3. Let d be q(-2). Let g(a) = -a**2 + 2. Let l be g(2). Let i be (16*d/(-1))/l. Calculate the greatest common divisor of i and 4.
4
Let u(s) = s**3 - 2*s**2 - 4*s + 3. Let h be u(3). Suppose g - 3*g = h. Suppose 2*y - 58 = -g*y. What is the highest common factor of y and 29?
29
Suppose 4*g = -n - 6 - 4, 6 = -3*n - 4*g. Calculate the greatest common factor of n and 9.
1
Let i = -321 + 401. Suppose 5*j - 13 = -5*y + 42, 4*j = -y + 59. What is the highest common factor of j and i?
16
Suppose 4*i - 2948 = 2*z, i + i - 1466 = -3*z. What is the greatest common divisor of i and 46?
46
Let t = -145 - -480. Calculate the highest common divisor of t and 5.
5
Let m be 364 - (8 + -6 + 2). What is the greatest common divisor of 18 and m?
18
Suppose 0 = -3*b + 1 + 11. Let t(o) = 0*o**2 - b*o + 4*o**2 - 3*o**2 + 5 + 9*o. Let q be t(-7). What is the greatest common factor of q and 95?
19
Let k(q) = q**2 - 2*q + 7. Let n be (12/10)/(5/(-25)). Let v be k(n). Let c be (-3*(-20)/6)/2. What is the greatest common divisor of c and v?
5
Let y(h) = h**2 - 3*h - 20. Suppose c + 9 = 4*c, -2*z = -4*c - 14. Let r = z - 22. Let k be y(r). Calculate the highest common factor of k and 22.
22
Let z = 1110 - 1056. Calculate the highest common divisor of z and 1296.
54
Let x(u) = -u + 3. Let i be x(-2). Suppose 5*s = 5*l + 20, -i*s + 4*l = l - 14. Calculate the greatest common factor of 10 and s.
1
Let s = 135 - 131. Suppose -7 - 1 = -4*d, -s*i + d = -22. Let n(l) = -10*l + 6. Let p be n(-6). What is the highest common factor of i and p?
6
Let u be 920/(-69)*(-27)/4. Suppose 0 = 5*p - 452 + 152. What is the highest common factor of p and u?
30
Let q be 33*(-12)/(1*-2). Let x(b) = 2*b**3 + b. Suppose 2*l + 3*h - h + 6 = 0, -4*l = -4*h - 28. Let g be x(l). Calculate the highest common factor of g and q.
18
Let z(w) = 2*w**2 + 2*w - 1. Let u be z(-2). Suppose 0*s + u*s = 111. What is the highest common divisor of s and 37?
37
Let h = 283 + -243. What is the highest common factor of h and 24?
8
Suppose 3*v = -i - v - 11, 4*v = 5*i - 65. Suppose -4*a + 33 = -a. Let f = 92 - a. What is the greatest common divisor of i and f?
9
Let b(w) = -8*w + 8. Let t be b(-4). Let x = 169 + -57. Let l be x/t - (-1)/5. Calculate the highest common factor of 33 and l.
3
Let b(u) = -8*u**3 + 16*u**2 + 73*u + 16. Let z be b(-4). What is the highest common divisor of 12 and z?
12
Let g(s) = -s**3 - s**2 + 18*s + 41. Let h be g(-8). Calculate the highest common factor of 15 and h.
15
Suppose i = 3*c + 332, -i + 556 = -3*c - 2*c. Let f be c/(-6)*594/88. Calculate the highest common divisor of f and 14.
14
Suppose -4*a = 8*a - 540. Suppose 11*c - a = 43. Calculate the greatest common factor of 104 and c.
8
Suppose 34*u + 19*u = 9805. Calculate the highest common factor of u and 74.
37
Let t(d) = -3*d**3 - 37*d**2 - 22*d - 29. Let l be t(-12). What is the greatest common factor of l and 429?
13
Suppose 8 = 14*j - 10*j. Suppose j*l - 113 = 175. Calculate the highest common factor of l and 18.
18
Let b(k) = 2*k - 19. Let t be b(11). Suppose h - 2*p = -3 + 7, 0 = t*h - 4*p - 10. Calculate the highest common factor of 8 and h.
2
Let a be (-24)/(-14) + (-2)/(-7). Let v(z) = z**2 + 73*z + 1328. Let g be v(-39). Calculate the greatest common factor of g and a.
2
Let j(m) be the second derivative of m**4/12 + 2*m**3/3 - m**2 - 4*m. Let c be j(-6). Let r be 10/15 + 296/6. What is the highest common divisor of c and r?
10
Suppose -46*z - 133 = -53*z. What is the highest common divisor of 361 and z?
19
Let r = 357 - 225. What is the greatest common factor of 24 and r?
12
Let k = 422 - 398. Let q(g) = 240*g**3 - g**2 + g. Let u be q(1). Calculate the highest common factor of k and u.
24
Suppose 2*x + 27750 = 7*x. Let f be x/21 - 16/56. What is the greatest common factor of f and 24?
24
Let c = 56 + -19. Suppose -w - 35 = -4*n + 28, 4*w - c = -n. Calculate the highest common divisor of 51 and n.
17
Let o(z) = z**3 - 5*z**2 - 15*z + 9. Let s be o(7). Let k be -1*(s + (-3 - -3)) - -152. Calculate the highest common factor of 50 and k.
50
Let q = 448 - -920. Calculate the highest common factor of 57 and q.
57
Let c be ((-348)/(-42))/(4/14). Suppose -5*k + c = -41. Suppose 0 + 42 = o. What is the highest common fact